{"id":94,"date":"2014-11-16T20:26:46","date_gmt":"2014-11-16T18:26:46","guid":{"rendered":"http:\/\/localhost:8888\/wordpress\/?page_id=94"},"modified":"2016-05-25T00:16:37","modified_gmt":"2016-05-24T22:16:37","slug":"kalibu-unser-boot","status":"publish","type":"page","link":"http:\/\/test.sykalibu.de\/?page_id=94","title":{"rendered":"Kalibu &#8211; unser Boot"},"content":{"rendered":"<p class=\"p1\"><a href=\"http:\/\/test.sykalibu.de\/wp-content\/uploads\/2016\/05\/Kalibu-vor-Bissau.jpg\"><img decoding=\"async\" loading=\"lazy\" class=\"alignnone wp-image-2793 size-large\" src=\"http:\/\/test.sykalibu.de\/wp-content\/uploads\/2016\/05\/Kalibu-vor-Bissau-1024x699.jpg\" alt=\"Kalibu vor Bissau\" width=\"648\" height=\"442\" srcset=\"http:\/\/test.sykalibu.de\/wp-content\/uploads\/2016\/05\/Kalibu-vor-Bissau-1024x699.jpg 1024w, http:\/\/test.sykalibu.de\/wp-content\/uploads\/2016\/05\/Kalibu-vor-Bissau-300x205.jpg 300w\" sizes=\"(max-width: 648px) 100vw, 648px\" \/><\/a><\/p>\n<p class=\"p1\"><span class=\"s1\">Die SY \u201eKalibu\u201c ist eine Ovni 45 Baujahr 1987. Sie ist f\u00fcr Langfahrt ausger\u00fcstet und war mit ihrem Voreigner schon zweimal in der Karibik. Wir haben sie im Januar 2013 in La Spezia \u00fcbernommen.<\/span><\/p>\n<p class=\"p1\">Ovni\u00b4s zeichnen sich dadurch aus, dass sie f\u00fcr die Langfahrt in den Passatwindzonen mit flachen Atollen und Inseln konzipiert sind. Das Rumpfmaterial ist Aluminium und eine Ovni hat ein leichtes Schwert, welches hydraulisch zusammen mit dem Ruderblatt aufgeholt werden kann. Der Ballast befindet sich im Rumpf. Damit kann eine Ovni in flache Gew\u00e4sser einfahren und auch trockenfallen.<\/p>\n<p class=\"p1\">Kalibu ist unter anderem mit einem Wassermacher und einem Dieselgenerator sowie Solarpaneel ausger\u00fcstet und somit komplett von Marinas unabh\u00e4ngig.<\/p>\n<div id='gallery-1' class='gallery galleryid-94 gallery-columns-1 gallery-size-medium'><figure class='gallery-item'>\n\t\t\t<div class='gallery-icon landscape'>\n\t\t\t\t<a href='http:\/\/test.sykalibu.de\/?attachment_id=212'><img width=\"300\" height=\"237\" src=\"http:\/\/test.sykalibu.de\/wp-content\/uploads\/2014\/11\/Kalibu-in-La-Spezia-300x237.png\" class=\"attachment-medium size-medium\" alt=\"\" decoding=\"async\" loading=\"lazy\" srcset=\"http:\/\/test.sykalibu.de\/wp-content\/uploads\/2014\/11\/Kalibu-in-La-Spezia-300x237.png 300w, http:\/\/test.sykalibu.de\/wp-content\/uploads\/2014\/11\/Kalibu-in-La-Spezia-1024x809.png 1024w, http:\/\/test.sykalibu.de\/wp-content\/uploads\/2014\/11\/Kalibu-in-La-Spezia.png 1134w\" sizes=\"(max-width: 300px) 100vw, 300px\" \/><\/a>\n\t\t\t<\/div><\/figure><figure class='gallery-item'>\n\t\t\t<div class='gallery-icon landscape'>\n\t\t\t\t<a href='http:\/\/test.sykalibu.de\/?attachment_id=2338'><img width=\"300\" height=\"199\" src=\"http:\/\/test.sykalibu.de\/wp-content\/uploads\/2016\/03\/IMGP8963-300x199.jpg\" class=\"attachment-medium size-medium\" alt=\"\" decoding=\"async\" loading=\"lazy\" srcset=\"http:\/\/test.sykalibu.de\/wp-content\/uploads\/2016\/03\/IMGP8963-300x199.jpg 300w, http:\/\/test.sykalibu.de\/wp-content\/uploads\/2016\/03\/IMGP8963-1024x679.jpg 1024w, http:\/\/test.sykalibu.de\/wp-content\/uploads\/2016\/03\/IMGP8963.jpg 1559w\" sizes=\"(max-width: 300px) 100vw, 300px\" \/><\/a>\n\t\t\t<\/div><\/figure><figure class='gallery-item'>\n\t\t\t<div class='gallery-icon landscape'>\n\t\t\t\t<a href='http:\/\/test.sykalibu.de\/?attachment_id=2273'><img width=\"300\" height=\"200\" src=\"http:\/\/test.sykalibu.de\/wp-content\/uploads\/2016\/02\/p1190616-300x200.jpg\" class=\"attachment-medium size-medium\" alt=\"\" decoding=\"async\" loading=\"lazy\" srcset=\"http:\/\/test.sykalibu.de\/wp-content\/uploads\/2016\/02\/p1190616-300x200.jpg 300w, http:\/\/test.sykalibu.de\/wp-content\/uploads\/2016\/02\/p1190616-1024x683.jpg 1024w, http:\/\/test.sykalibu.de\/wp-content\/uploads\/2016\/02\/p1190616.jpg 1559w\" sizes=\"(max-width: 300px) 100vw, 300px\" \/><\/a>\n\t\t\t<\/div><\/figure>\n\t\t<\/div>\n\n<p class=\"p1\">\n","protected":false},"excerpt":{"rendered":"<p>Die SY \u201eKalibu\u201c ist eine Ovni 45 Baujahr 1987. Sie ist f\u00fcr Langfahrt ausger\u00fcstet und war mit ihrem Voreigner schon zweimal in der Karibik. Wir haben sie im Januar 2013 in La Spezia \u00fcbernommen. Ovni\u00b4s zeichnen sich dadurch aus, dass sie f\u00fcr die Langfahrt in den Passatwindzonen mit flachen Atollen und Inseln konzipiert sind. Das [&hellip;]<\/p>\n","protected":false},"author":1,"featured_media":0,"parent":0,"menu_order":0,"comment_status":"closed","ping_status":"closed","template":"","meta":[],"_links":{"self":[{"href":"http:\/\/test.sykalibu.de\/index.php?rest_route=\/wp\/v2\/pages\/94"}],"collection":[{"href":"http:\/\/test.sykalibu.de\/index.php?rest_route=\/wp\/v2\/pages"}],"about":[{"href":"http:\/\/test.sykalibu.de\/index.php?rest_route=\/wp\/v2\/types\/page"}],"author":[{"embeddable":true,"href":"http:\/\/test.sykalibu.de\/index.php?rest_route=\/wp\/v2\/users\/1"}],"replies":[{"embeddable":true,"href":"http:\/\/test.sykalibu.de\/index.php?rest_route=%2Fwp%2Fv2%2Fcomments&post=94"}],"version-history":[{"count":15,"href":"http:\/\/test.sykalibu.de\/index.php?rest_route=\/wp\/v2\/pages\/94\/revisions"}],"predecessor-version":[{"id":2794,"href":"http:\/\/test.sykalibu.de\/index.php?rest_route=\/wp\/v2\/pages\/94\/revisions\/2794"}],"wp:attachment":[{"href":"http:\/\/test.sykalibu.de\/index.php?rest_route=%2Fwp%2Fv2%2Fmedia&parent=94"}],"curies":[{"name":"wp","href":"https:\/\/api.w.org\/{rel}","templated":true}]}}